*w + 3*z = -4197. Let y = 119 - 115. Is w*(-4)/(-16)*y prime?
True
Let r = -8190 - -25469. Is r composite?
True
Let z(p) = -14*p + 25. Let j be z(1). Suppose 27*s - j*s = 314576. Is s a prime number?
True
Suppose 2167661 = 4*w + 5*d - 102605, 0 = -4*w + 5*d + 2270286. Is w prime?
True
Let b(c) = -1702*c - 5. Let u be 4 + (1/(-3) - (-230)/(-30)). Is b(u) composite?
False
Let z = -924642 - -1550185. Is z a composite number?
False
Suppose -58 = -11*a + 52. Suppose a*u - 27*u + 132107 = 0. Is u a composite number?
True
Suppose 5*h - i - 36 = 0, -4*i + 16 = -0*i. Suppose 16 = -4*j - h. Is 3 - (-860)/j*48/(-20) composite?
False
Let x be 5706/4*7/(35/50). Suppose -x - 78 = -3*l. Is l a prime number?
False
Let o be 2 - 6/2 - (-8 + 1). Is o/24*-4*-1319 a composite number?
False
Let l(m) = m**2 - m + 1. Let k(z) = -12*z**3 - 5*z**2 + 4*z. Let n(x) = -k(x) - 3*l(x). Let r be n(-4). Is 0 + (2 - 0) - r a composite number?
True
Suppose 549088 + 653648 = 24*v. Is v a prime number?
False
Let a(h) = 555*h**2 + 45*h - 539. Is a(16) a composite number?
True
Suppose -k + 1252714 = 4*l, 0 = 4*k - 2*l + 1976105 - 6987015. Is k a prime number?
False
Suppose 0*b + 5*b = 5*z - 35, -4*z + 2*b = -20. Suppose 2*h = -z*h + 21865. Is h composite?
False
Suppose -186 = -21*c + 15*c. Suppose -c - 1 = -8*t. Suppose -5*o - 6179 = -t*i, 0*i + 6176 = 4*i - 4*o. Is i a composite number?
True
Suppose -2*i + 20 - 22 = 0, -2*y + 3*i = 3375. Let s = 814 - y. Is s prime?
True
Suppose 28*w + 4 = -248. Is 6371/(-2)*(w + 7) composite?
True
Let k be 0 - (24/(-60))/(1/5). Suppose -2*b = -5*u + k*u + 18, 14 = 5*u + 2*b. Suppose u*a - 6*a = -794. Is a a prime number?
True
Suppose 92 - 92 = 2*r. Let o(l) = -2*l + 5793. Is o(r) a prime number?
False
Suppose -4*i + 2*k + 2 + 0 = 0, 0 = -i - 3*k + 11. Suppose 3 + 7 = i*x - 5*u, 3*u + 6 = x. Suppose -5*n = -4*p - 10618, x = -4*n + p + p + 8492. Is n prime?
False
Suppose 211298 + 242476 = 3*k. Is k prime?
False
Suppose 18*x = 944278 + 285320. Is x prime?
True
Suppose -h - 5 = -6*h, 0 = -2*q + 5*h + 39. Suppose q*n = 17*n + 19085. Suppose -n = 31*d - 32*d. Is d a composite number?
True
Let r(b) = -24*b**2 + 3*b - 3. Let k be r(-6). Let v be ((-6)/10 - (-26)/(-65)) + (-54)/(-6). Is (k + (v/(-4))/1)/(-1) a composite number?
False
Suppose -2*t = -5*i - 776336 + 2482691, -3*i - 4*t + 1023787 = 0. Is i a prime number?
True
Let t = 1 + 0. Let q be t*(-1)/1*-8. Suppose -q*r + 2086 = -r. Is r a prime number?
False
Let u(t) be the second derivative of 7*t**6/60 - t**5/24 - 5*t**4/6 - 23*t**3/6 + 15*t. Let i(g) be the second derivative of u(g). Is i(-5) prime?
False
Let r(n) = -4*n**2 - 23*n - 12. Let c be r(-6). Let m(b) = 5*b**2 + 20*b + 22. Is m(c) composite?
True
Let y(o) = 634*o - 2981. Is y(10) prime?
True
Suppose 0 = 6*q - 221850 - 139380. Is q a prime number?
False
Let y(m) = 241*m**2 - 19*m + 194. Let x(o) = -81*o**2 + 6*o - 65. Let a(h) = 17*x(h) + 6*y(h). Is a(6) a prime number?
False
Suppose 1538991 - 610942 = 8*b - 1188647. Is b a composite number?
True
Suppose 4*d - 5*r = 814052, 250636 - 1064688 = -4*d - 2*r. Is d prime?
False
Suppose 25*j + 80*j = 22*j + 3630337. Is j composite?
True
Is (1807412/267)/((-3)/((-846)/8)) a composite number?
True
Let d be 1*-2 + (-419 + 4)/5. Let l = 83 + d. Is ((-1)/l)/((-50)/30860)*-5 prime?
True
Let v = 34277 + -4804. Is v prime?
True
Let q(n) = -n**3 + 5*n**2 - 15*n - 44. Let w be 57*(-2)/16 - 5/(-40). Is q(w) a prime number?
False
Let i = 107973 + 24161. Suppose -20*p + 348394 = i. Is p prime?
False
Suppose 5*t + 5*i + 94705 = 0, t + 5838 + 13103 = 3*i. Let l = t - -37914. Is l a composite number?
False
Suppose 9*b - 6145 = -3*k + 5*b, -5*b = -2*k + 4112. Is k composite?
True
Suppose 0 = 4*l - 2*l + 44. Let w = l + 43. Let h(z) = 2*z**2 + 27*z - 40. Is h(w) a composite number?
False
Suppose k - 27 = 8*d - 3*d, 0 = 4*k + 5*d + 17. Is (-2905 - (0 - k))/(31/(-62)) prime?
False
Let p(o) = -8*o**2 - 9*o + 4. Let w be p(10). Let f = 1617 + w. Is (2 + f)*3/3 a prime number?
True
Let w(o) = 2*o + 30. Let y be w(-15). Suppose y = -6*f + 9023 + 31795. Is f prime?
True
Is (-9)/12*((-2920)/(-30) + -6)*-4078 a prime number?
False
Let c(l) = 3*l - 41. Let b be c(15). Is (b - 6 - -4) + 624 a composite number?
True
Let z(k) = -312*k + 243*k - 395 - 263*k - 433*k. Is z(-46) prime?
False
Suppose -3 = m + 5*l + 7, 2*m + l - 7 = 0. Suppose -10*u = -m*u - 25. Is u/1 - (-238 + 6) composite?
True
Suppose 12*c = 17*c - 5. Let p(b) = 2 + 127*b + 2 + 277*b + 179*b. Is p(c) prime?
True
Let g = -701 + 713. Is ((-2)/((-8)/4540))/(g - 11) prime?
False
Let u be 21/3*12/(-14). Let f be u/(-8) - (-5025)/20. Let y = f + 41. Is y a composite number?
False
Let p(w) = -w**3 + 8*w**2 + 15. Let a(i) = 2*i**2 - 6*i + 12. Let r be a(2). Let v be p(r). Let s(y) = y**3 - 9*y**2 - 46*y + 11. Is s(v) a prime number?
False
Let p = -44 - -44. Suppose 5*i + 5*w - 35 = p, 3*i = -i + 4*w - 4. Suppose -637 = -3*h - 2*z, i*h + 5*z - 158 = 494. Is h a prime number?
False
Let b = 234 + -240. Is -3777*1*(5 + b) a composite number?
True
Let a(c) = 3*c**3 - 10*c**2 + 5*c - 12. Let g = 129 + -119. Is a(g) prime?
False
Let c = 928868 + -604705. Suppose 46*h = 73323 + c. Is h a prime number?
True
Let q = 49 - -42. Suppose 5*a - q = 94. Let v = 90 - a. Is v composite?
False
Let v = 122386 + -59447. Is v a composite number?
False
Suppose 8 = -7*n + 43. Suppose c - 15944 = -3*c - n*o, c - 4003 = 3*o. Is c a composite number?
True
Let q(n) = n**3 + 17*n**2 + 13*n - 43. Let o be q(-16). Suppose 0*b = -5*b, -o*r + 10975 = 3*b. Is r a prime number?
False
Let r(q) = -q**2 + 5*q + 3. Let m be r(-3). Let t be (-105)/(-175) - (-1)/((-5)/(-87)). Let c = t - m. Is c prime?
False
Let y be (2 + -8)*21938/(-28). Let p = y - 2384. Is p prime?
False
Let t = 28505 - 5512. Is t a prime number?
True
Let i(m) = -m**3 + 7*m**2 + 2. Let d be i(7). Suppose 54 - 46 = d*f. Suppose f*b - 95 = 437. Is b prime?
False
Let t(w) = -w**3 - 24*w**2 + 82*w - 62. Let q be t(-29). Let a be 5/2 - (-2)/4. Suppose -a*p + b + q = -3*b, -2*b - 8 = 0. Is p composite?
True
Suppose 2138570 = 21*v - 0*v + 49*v. Is v prime?
False
Let u(s) = 12345*s - 1256. Is u(3) composite?
True
Let b(q) = 4*q**2 + 91*q - 386. Is b(63) composite?
True
Suppose 2*s = 3*k + 46288 + 6793, 4 = s. Let n = k + 7201. Let i = n - -17917. Is i a composite number?
True
Let q(v) = 1 + 46*v + 727*v**2 + 2 - 99*v + 46*v. Is q(2) a composite number?
False
Let q be (-1 - (7 - 10)) + -6. Let o(n) = -1845*n + 53. Is o(q) composite?
False
Let p(t) = t**2 - 13*t + 44. Let m(j) = 3*j**2 + 58*j - 17. Let l be m(-20). Is p(l) prime?
False
Suppose -4*x + 21988 = 4*c, 45*x + 16503 = 48*x + c. Suppose i - 5*i + 16 = 0. Suppose -i*h + x + 1117 = 0. Is h composite?
True
Suppose 223622 = 2*x - 116498. Suppose 3*a + x = 23*a. Is a composite?
True
Suppose -337*r + 174*r = -2449788 - 10046770. Is r prime?
False
Suppose 5*x - 8*c + 10*c = 41351, 0 = 3*x - 2*c - 24785. Is x a prime number?
False
Is ((21/(-2))/(8/12) + -1)*-4604 a composite number?
True
Suppose 3*k = 7*k - 20. Let a(c) = -69*c**3 - 11*c**2 + 5*c - 1. Let q(t) = 104*t**3 + 17*t**2 - 8*t + 2. Let i(j) = k*q(j) + 8*a(j). Is i(-3) a prime number?
True
Let k(d) = 15 - 29*d + 31 - 12 + 4*d**2. Let m be (-11 - -10) + (-128)/(-8). Is k(m) a composite number?
False
Is (31379/4)/((-74)/(-296)) prime?
True
Let f(l) = -170*l + 277 - 151 - 133. Suppose -5*b + 2*x = 18, -3*b + 5*x - 5 = 2. Is f(b) prime?
True
Let m be 90/21 + 111/(-21) + 5. Suppose 5*v = 4*a - 28182, 25*v - 27*v = -m*a + 28176. Is a a prime number?
True
Let r be -16035*(-3 - 10/(-6)). Let s = r - 12531. Is s prime?
True
Let b = 68 - 69. Let j(y) = -3740*y - 21. Is j(b) prime?
True
Let w = 34366 + -11933. Is w a prime number?
True
Suppose -90626 - 2885 = -11*j. Suppose -j = -l + 7812. Is l a composite number?
True
Let r be ((-110)/6 - -1)*-3. Let k be (-70)/3 + (-104)/39. Let j = r + k. Is j prime?
False
Suppose 0 = 6*t - 4*t - 2, -16 = -4*m + 4*t. Suppose -3*w - 9 = 3*s + 6, -2*w + 15 = -3*s. Suppose 688 = z + 2*z - m*h, 5*h + 10 = w. Is z prime?
False
Suppose 0 = 8*y - 10*y + 4, 3*l = 4*y - 71648. Let d = l + 46843. Is d composite?
False
Suppose 0 = 5*y - 3*k - 18292, y + 2*y - 4*k = 10973. Let n(v) = 5809*v**3 - v**2 - 3*v + 3. Let d be n